
Suppose 0*q + 2*q + 60 = 0. Let p = q - -110. Suppose -4*v + 60 = -p. Is v a prime number?
False
Let l = -4 + 9. Suppose -l*p = -2*p - 42. Is p a prime number?
False
Suppose -7*o + 4*o + 399 = 0. Is o prime?
False
Let m(a) = -8*a**2 + 1. Let g be m(1). Let o(s) = -s**2 - 17*s + 1. Is o(g) composite?
False
Suppose 2*i - 5*w = 5786 + 223, -3*i - w = -9022. Is i a composite number?
True
Suppose 463 + 732 = c. Is c composite?
True
Let s(a) = -a + 16. Let f be s(8). Let u be 220/f + 1/(-2). Suppose -4*h = -k + u, -39 = -2*k + 5*h - 2*h. Is k a prime number?
False
Suppose 1548 = 3*b + 3*r, -r - 1583 = -3*b + 3*r. Is b a prime number?
True
Let f be 10/4 + (-1)/2. Suppose 0 = 4*y - f*y + 4*z - 8, 15 = 2*y - 3*z. Is y a prime number?
False
Let u(p) = -p**3 + p**2 + 6. Let b be u(0). Suppose 11*k = b*k + 635. Is k composite?
False
Let x(o) = 5*o - o + 3*o - 5*o - 1 + 12*o**2. Let l be (-2)/3*(-6)/4. Is x(l) composite?
False
Let z(y) = 2*y - 7. Let k be (2 + 5/(-3))*6. Suppose -3*h = -w - 26, k*h - 2*w - w - 22 = 0. Is z(h) a composite number?
True
Suppose 2*t + 1343 - 22 = 3*j, j - 3*t - 431 = 0. Is j composite?
False
Suppose 0*y + 20 = -4*y. Let j be 1/y - 42/(-10). Suppose f + 1293 = 6*f - 4*r, f - j*r = 265. Is f a composite number?
False
Let b(l) = -l**3 - 4*l**2 + 3*l - 7. Let i be b(-5). Suppose -i*w - 23 = 7. Is w/(-3)*(-42)/(-4) a prime number?
False
Let b = -15 - -19. Is b composite?
True
Suppose 4 - 8 = -2*s, 5*c - 5*s = -25. Let k = -1 - c. Suppose 5*n - 184 = -k*g - 27, -5*n + 177 = -3*g. Is n a composite number?
True
Let u be 3/(-9) - (-14)/6. Suppose -5*f = 7 - u. Is -85*((-7)/5 - f) a prime number?
False
Suppose 3948 = -6*i + 2*i. Let o = 1568 + i. Is o a prime number?
False
Let w(m) = -m**2 - 22*m + 29. Is w(-12) a prime number?
True
Let i = 9 + -4. Suppose v = -4*b + 141, -i*b - 385 = -5*v + 420. Is v prime?
True
Suppose 16 = -0*i + 3*i + y, 0 = -2*i + 5*y - 12. Let u be 2/i - (-86)/4. Let d = u - 16. Is d a prime number?
False
Suppose 791 - 227 = 4*l. Is l a prime number?
False
Let t = 8 - 5. Suppose -x - t*x - 40 = 0. Is (-2)/10 - 672/x composite?
False
Let y(s) = s**2 - s - 4. Let p be y(3). Suppose -a - p*a = -195. Is a composite?
True
Let g = 10 + 36. Is g prime?
False
Let v(z) = -z**3 - z**2 - z + 419. Is v(0) composite?
False
Let h be -12*((-1)/1)/3. Suppose -i - i = -h. Is 75/10 - 1/i prime?
True
Let n = 4 - 3. Let r be ((-2)/4)/n*8. Is (r - 1) + 3 + 129 a prime number?
True
Suppose 19 = s - 4*i, -2*s = -0*i - 2*i - 14. Let q(r) = 3*r**2 - 3*r + 5. Is q(s) a prime number?
True
Let c = -952 + 1361. Is c composite?
False
Suppose 1 = 4*d + 2*o - 11, -3*d - 1 = -o. Let f be (-244)/(-4) - (0 - d). Suppose 2*z - 5*u - 64 = 0, 2*z - 4*u - f = 4. Is z composite?
False
Let d = 418 + -295. Is d composite?
True
Let k(g) = 2*g - 12. Let w be k(8). Suppose 3*m = -5*z + 709, w*m = 6*m + 4*z - 474. Is m a prime number?
True
Suppose 0 = c - 5*c. Is (149 - c)*(3 - 2) prime?
True
Let d be (-1)/(-1)*(-8 + -2). Is 215/2 + (-15)/d prime?
True
Is 2/(-8)*1*-332 a composite number?
False
Let v(r) be the second derivative of 5/3*r**3 + 3*r - 1/2*r**2 + 0. Is v(1) a composite number?
True
Let u(b) be the third derivative of -7*b**4/12 + b**3/3 - 2*b**2. Is u(-4) composite?
True
Let q be -2 - (-300)/(-1 - -2). Is (1/1)/(2/q) a prime number?
True
Suppose 2*j + 6 = -4*l + 26, 0 = 3*l + 2*j - 16. Let m be (-2)/l*-4*1. Suppose -3*v = -5*q - 1234 - 162, 2*q = m*v - 932. Is v prime?
True
Let a be -1 + 2 + -3 - -4. Suppose -5*m + a*m = -15. Is m/(15/12) + 0 composite?
True
Is (0 + 671/2)*2 a prime number?
False
Let u(b) = b**2 + b - 2*b**2 + 4 - 4. Let o be u(2). Is 75 + (o + 2 - -2) a composite number?
True
Let v(z) = -132*z**2 - z. Let s be v(3). Let u = -3519 - s. Is (1/(-3))/(8/u) composite?
False
Let a(t) = -t**2 - 8*t - 5. Let h be a(-7). Suppose -4*v + 252 = -x, h*v - x - 2*x = 116. Suppose 2*j - v = 4*k + 246, -j = -5*k - 155. Is j prime?
False
Suppose -27 = -d - 0*d - 5*y, 15 = 5*d + y. Suppose 4*i + d*q - 300 = 0, 0 = -2*q + 4*q - 4. Is i prime?
False
Let z(j) = 3*j**2 + 12*j - 12. Let n = -21 + 10. Is z(n) a composite number?
True
Let t = 0 + 2. Suppose n = 8 + t. Let x = n + 24. Is x a composite number?
True
Let a(u) = 1 + 6*u**2 - 5*u**2 - 13*u - 2*u**2. Is a(-12) a prime number?
True
Suppose -4*a = -5*b + a + 110, -b = 2*a - 7. Suppose 2*y - 12 = -5*k, 0 = -4*k + 4*y - y + 5. Suppose b = m + k. Is m a prime number?
False
Let g = 3 + -7. Let n(b) = -5*b**2 + 10*b - 4. Let k(c) = -6*c**2 + 10*c - 5. Let o(v) = 6*k(v) - 7*n(v). Is o(g) a prime number?
False
Let j = 0 - -2. Suppose 3 = h + j*h. Is h/2*0 + 3 prime?
True
Let j(h) = 2*h**2 - 6 + 2 + 5 + 2*h. Let y = 3 - 0. Is j(y) composite?
True
Let t(s) = -1. Let h(v) = -v + 2. Let k(d) = h(d) + 2*t(d). Let m be k(-2). Is (-2 - -3)/(m/26) a composite number?
False
Suppose -q - 3*q = 0. Suppose -2*v = 4*o - 1480, q = -2*o + 5*v + 697 + 55. Is o prime?
False
Let u(k) = 5*k + 7 - 7*k + 2*k**2 + 12*k. Is u(-8) a prime number?
False
Suppose v = -4*v. Suppose 0 = -5*a - 2*a - a. Suppose v*g - 5*g + 165 = a. Is g composite?
True
Suppose 22*s = 18*s + 3364. Is s composite?
True
Let f = -56 + 1083. Is f a prime number?
False
Let r = 16 + -24. Is 2/r + (-677)/(-4) a prime number?
False
Suppose 3*q + 4*y + y + 37 = 0, 0 = 3*y + 15. Let r(s) = 4*s**2 + 4*s + 9. Is r(q) a prime number?
False
Let y(x) = 2*x**2 + 2*x + 9. Let v be y(-6). Suppose -3*i = -33 - v. Let t = 49 - i. Is t a composite number?
True
Let j = 2609 - 900. Is j prime?
True
Let u = 301 - -70. Is u prime?
False
Let s = 0 + -1. Let c be s - 0 - (-4 + 1). Suppose -u = c*u - 33. Is u a prime number?
True
Let a = 0 + 1. Suppose -y = -3 - 0. Is y/a - (-100 + -6) prime?
True
Suppose 5*p = 20 - 0. Suppose -2*m = -p*m + 20. Suppose 3*k + 12 = 4*x, -x + 3*k = -k + m. Is x a composite number?
True
Suppose 2*o = 4161 + 6101. Is o a prime number?
False
Suppose 15 = 5*t - 10. Suppose 0 = 4*q - t*v - 511, 4*q = 2*v + 107 + 419. Is q prime?
False
Suppose -5*y = 2*d + 6, 4*y - 2*d + 4*d = -6. Suppose -8*z + 40 = -7*z. Suppose -2*s + g + z = y, 3*g - g - 15 = -s. Is s a composite number?
False
Suppose 5*p + v - 2105 = 0, 400 = p - 3*v - v. Suppose 4*c - p = -c. Suppose -c + 10 = -2*l. Is l composite?
False
Is (-702)/(-13) + 1*-1 a composite number?
False
Suppose 0 = 7*o - 6*o - 5. Suppose 0 = -4*k + o*k - 139. Suppose 4*v = -0*l - l + k, -v + 384 = 3*l. Is l prime?
True
Suppose 2*q = 2*g - 184, -g + 2*q = -96 + 3. Is g a prime number?
False
Suppose -2*t = -4 + 2. Let j be (-1)/t - (-18)/3. Is (1*5)/(j/185) prime?
False
Is (-64)/384 + 3787/6 + 0 a composite number?
False
Suppose -7 = s - 96. Is s composite?
False
Let g be (5*(-3 + 2))/(-1). Let d(h) = g + 1 - 2 - 3 - 14*h. Is d(-9) a prime number?
True
Suppose 3*w + 0*w - 295 = j, -4*j = 3*w - 275. Is w a composite number?
False
Let s = -203 + 348. Is s a prime number?
False
Is 24/(-8) + 188/1 prime?
False
Suppose -9 = -3*a + 3. Suppose -a*d + 9*d - 400 = 3*b, 2*d + 2*b - 176 = 0. Is d prime?
True
Suppose 6*s = 2*d + 3*s - 982, d + s = 496. Is (-3)/(-12) + d/8 composite?
True
Suppose 6*n - 522 - 240 = 0. Is n composite?
False
Let p = -352 - -623. Is p prime?
True
Let x be (-3 + 4)/((-2)/(-4)). Suppose x*o - 6*o = 0. Suppose -4*c + 39 + 17 = o. Is c composite?
True
Let d(g) = -g**2 - 20*g + 31. Let h be d(-21). Suppose 0 = -2*a + 3*a - 4. Let x = h - a. Is x prime?
False
Suppose -1 = 5*r - 11. Suppose -3*i = 5*j - r*j - 204, 3*j - 186 = 3*i. Is j prime?
False
Suppose 3*p - 124 = 131. Is p prime?
False
Let f be (-12)/(-8) - (-1051)/2. Suppose 0*d + d = f. Suppose 4*h = -2*p + 434 + 100, 4*h - 5*p - d = 0. Is h prime?
False
Suppose t - 1 = -0*t. Let n = t + -1. Suppose -2*w + 95 - 1 = n. Is w composite?
False
Let t(n) = -3*n**3 - 2*n**2 - 5*n. Let d be t(-4). Suppose -2*b + 45 = h, -2*b = -5*h + 3*b + d. Is h a prime number?
False
Let n be (-1660)/(-6) - 2/3. Suppose 0 = -3*b + 219 + n. Suppose 4*z - b = -z. Is z composite?
True
Suppose 0 = -4*y + 8*y + 3*q - 77, -5*y - 4*q = -95. Is y composite?
False
Suppose 4*x + 4*k - 9 = 3*k, 5*x - 30 = 5*k. Suppose 0 = 3*i - 5*t + 38, -5*t + 2*t = x*i + 6. Is (i/18)/(1/(-381)) a composite number?
False
Let p = 0 - -5. Suppose 0*t = t. Suppose 0 = 4*d - 3*j - 48, t*j - p*j - 6